 m(y) = 5*y**3 - 7*y**2 - 8*y + 4. Let f(c) = c**3 - 1. Let s(d) = 4*f(d) - m(d). Calculate s(o).
-8
Let x(m) = 4*m - 32. Let l(b) = 3*b - 28. Let z(r) = -5*l(r) + 4*x(r). Give z(-6).
6
Let g(l) = 9*l + 139. Let h be g(-16). Let c(j) = -j**3 - 5*j**2 - 3*j - 7. Determine c(h).
8
Let w(c) = -2*c**3 - 11*c**2 - 19*c + 19. Let n(v) = -v**3 + v**2 - v + 3. Let y(m) = -3*n(m) + w(m). Determine y(15).
-5
Let u = 19 + 11. Let o(l) = 2*l**2 - 19*l - 8. Let k be o(10). Let t(s) = -4 + 31*s - u*s - k. Give t(5).
-1
Let n(d) = d**3 + 10*d**2 + 19*d + 8. Let a be n(-8). Let k = a - -19. Let m(y) = 3*y + 4. Give m(k).
13
Let v = 13 + -7. Suppose 1 = v*k - 11. Let n(q) be the first derivative of 7*q**2/2 + q + 1. What is n(k)?
15
Let r(t) be the first derivative of -t**2/2 + t - 6. Let i(z) = 2*z - 2. Let h(x) = -4*i(x) - 9*r(x). What is h(-5)?
-6
Let y(u) = u**3 - 165 - 164 - 167 + 4*u**2 - 3*u + 490. Give y(-4).
6
Let i(u) = -u**3 - 7*u**2 + 9*u + 3. Suppose 10*c + 5*z = 5*c - 20, -2*c + 4*z = 32. Determine i(c).
-5
Suppose -3*v - 5*y - 4 = 0, -v - 5*y = -2*y + 8. Let c = v - 8. Let a(k) = 5*k**2 + 1. Give a(c).
6
Let j(g) = -g**3 + 5*g**2 + 3*g + 4. Let b = -88 + 65. Let u = -17 - b. What is j(u)?
-14
Let g(c) = -3*c + c + 5*c - 2*c - 5. Determine g(-6).
-11
Let j be (6/4)/(3/14). Let i(k) = -22*k**3 - 10*k**2 + 3. Let g(m) = -15*m**3 - 7*m**2 + 2. Let z(n) = j*g(n) - 5*i(n). Calculate z(-1).
-5
Let d(l) be the second derivative of -l**3/3 - 15*l**2/2 + 2*l + 44. Calculate d(-6).
-3
Let i(v) = v + 2. Let w be 1/(3/9) - 29. Let y be 39/52 - w/8. Let g = -1 - y. What is i(g)?
-3
Suppose -6*l = 4*l - 50. Let n(d) = d**2 - 7*d + 1. Determine n(l).
-9
Suppose 0 = 946*s - 945*s - 6. Let q(y) = -y**2 + 8*y + 1. What is q(s)?
13
Let z(l) be the third derivative of -1/20*l**5 + 1/8*l**4 + 13*l**2 + 0*l - 1/2*l**3 + 0 + 1/60*l**6. Give z(2).
7
Let r(z) be the second derivative of -z**6/120 - z**3/3 - 5*z**2/2 - 26*z. Let j(n) be the first derivative of r(n). Calculate j(-2).
6
Let u(f) = 96 - 3*f**2 + f + f**2 - 44 - 51. Determine u(2).
-5
Suppose -h = -5*u + h + 16, -5 = -u + h. Let n be u/(1 - -3 - 2). Let f(m) = -4*m + 1. Calculate f(n).
-3
Let m(r) = -4*r**2 - 37*r + 24. Let b be m(-10). Let s(z) = -z**2 - 4*z + 4. Give s(b).
-8
Let u = -211 + 208. Let n(k) = -k**3 - 4*k**2 - 3*k + 3. What is n(u)?
3
Let b(i) = -i**2 + 10*i - 14. Let x(h) = 4*h**3 - 41*h**2 + 9*h + 16. Let q be x(10). Determine b(q).
10
Let b(d) be the third derivative of d**6/20 - d**5/60 + d**4/24 - 68*d**2. What is b(1)?
6
Let s(v) = -v**2 + v - 6. Let z(i) = 1. Let n(c) = -s(c) - 2*z(c). Suppose -4*j + 5*j + 37 = 0. Let h = -37 - j. Calculate n(h).
4
Let a(m) = -m + 3. Let q be (-3)/2 + 15/6. Suppose 2 = s - q. Suppose i + 2*n = 0, s*n - 19 = -4*i - 4. What is a(i)?
-3
Suppose -3*a + r - 5 = 0, 5*a = 2*r + 1 - 9. Let b(c) be the second derivative of c**5/20 + c**4/6 + c**3/3 + c**2 - c. Calculate b(a).
-2
Let f(r) be the first derivative of -r**3/3 - 5*r**2 - 9*r + 27. Determine f(-7).
12
Let d = 8 + -5. Let z(w) = w + 8. Let o be z(-4). Let n(i) = -d*i + 4*i + o*i - 3. Give n(3).
12
Suppose -14*h = -4*h + 8*h. Let z(p) = -4*p**3 + 0*p**3 + 5*p**3 + p**2. Calculate z(h).
0
Let c(a) be the first derivative of a**4/4 + 2*a**3 + a**2 - a + 303. Determine c(-6).
-13
Let t(g) = -2*g + 14. Let q be t(11). Let b = -6 - q. Let m(h) = -8*h**2 + 3 + b - 4. What is m(-1)?
-7
Let s(p) = p**2 + 6*p - 6. Let v = 12 + -12. Let c(y) = y - 1. Let i be c(6). Suppose 5*z + 2 + 3 = v, -o = -i*z + 1. Calculate s(o).
-6
Let i(c) = 84*c - 2. Let o(f) = -134*f + 3. Let q(m) = -8*i(m) - 5*o(m). Suppose k - 5*s + 2 = -10, 5*k + 3*s = 24. Suppose 0*l = l - k. What is q(l)?
-5
Let u(h) = h**2 + 6*h - 3. Let k be u(-7). Let j(p) = -p**3 - 1 - 5 + 2*p**2 + k*p + 4. Suppose 3*q + 2*b - 15 = 0, 4*q + 2*b = 10 + 8. Determine j(q).
1
Let q(l) be the first derivative of 2*l**3/3 + l**2/2 + 154. Give q(1).
3
Let q(m) = m**3 + m**2 + m + 1. Suppose -4*h + w - 7 = -2*w, 0 = 5*h + 3*w + 2. Let y = h + 3. Suppose -2*d + 2*u = 0, 0 = 5*d - y*d + 5*u + 16. Determine q(d).
-5
Let p(f) = f - 4. Let m(d) = d**2 - 5*d + 5. Let x be m(5). Suppose -x*g - i - 30 = -0*g, 0 = 2*g - 2*i. Calculate p(g).
-9
Let b(i) = 3 - 4 - 1 - 6 - i. Let m = -548 + 542. Give b(m).
-2
Let v(p) = -7*p**2 - 9*p + 7. Suppose -2*c = 0, -2*u - 5*c - 6 = 4. Let s(a) = -3*a**2 - 5*a + 4. Let x(b) = u*s(b) + 2*v(b). What is x(-8)?
2
Let o(p) = -2 - 3*p + 15*p - 4*p - 7*p. Let w be o(10). Let n(s) = 0*s**2 + 4 - 5*s - s**2 + w*s. What is n(5)?
-6
Let g(o) = -o**2 - 8*o - 4. Let f = 35 - 35. Suppose -4*z - 5*z - 72 = f. Give g(z).
-4
Let l(t) = t**3 + 2*t**2 + 8*t - 3. Let u(k) = -2*k**3 - 3*k**2 - 15*k + 6. Suppose 10*w = 5*w + 55. Let f(y) = w*l(y) + 6*u(y). What is f(3)?
6
Let k(y) = y**2 + 4*y - 1. Suppose 0 = -3*o + 74 - 83. What is k(o)?
-4
Let d be (-3 + 2 + 2)*-1. Let a be d/(-4) - (-133)/28. Suppose -10 = a*x - 0. Let t(m) = 2*m**2 + m + 2. Determine t(x).
8
Let t(i) = i**2 - 7*i - 5. Suppose 50*y + 50 = 55*y. Let f be ((-12)/y)/((-2)/15). Give t(f).
13
Let o(u) = 6*u - 76. Let i be o(13). Let d(a) = 2*a. Determine d(i).
4
Suppose 0 = -0*l + 6*l - 12. Let o(y) = -y**3 - y**l - 2418 + 2422 + 0*y**3 + y. Determine o(0).
4
Let z(r) be the third derivative of -r**4/8 - r**3/2 - 171*r**2. Determine z(4).
-15
Suppose 0*h = h + 2*p, -3*h - 5 = 5*p. Let q = h - -4. Let a(r) = r**3 + 5*r**2 - 7*r - 8. What is a(q)?
-2
Suppose -14 = -2*z - 2*w, -23 = -5*z - 0*w - 2*w. Suppose 0 = 3*r - 15 + z. Let l(s) = r + 4*s - 10*s + 3*s. Determine l(3).
-5
Suppose -3*r = -f - 6*r + 9, 4*r - 4 = -4*f. Let c be 6/(2 - (-2)/(-4)). Let j(g) = c + 0 + g**2 - g + 3*g. What is j(f)?
7
Suppose 5 = 11*f - 6*f. Let y(u) = -4*u**3 - u**2 - u + 1. Determine y(f).
-5
Let y(b) be the third derivative of b**7/5040 - b**6/144 + 17*b**5/60 + 7*b**2. Let n(x) be the third derivative of y(x). Give n(7).
2
Let x(u) = u**2 - 4*u + 2. Let h be x(4). Let g(i) = 4 + 0*i**h + 3 + 0*i**2 - i**2. Suppose -5*q = 2*c - 15, c + 2*q - 7*q + 15 = 0. Determine g(c).
7
Let v(g) = g**3 + 9*g**2 + 9*g + 14. Let q be v(-8). Let l(o) = 2*o - 1. Let y(s) = -3*s + 2. Let w(h) = -5*l(h) - 3*y(h). Give w(q).
-7
Let z(b) = -b**3 + 4*b**2 + 3. Let l = 271 + -266. Calculate z(l).
-22
Suppose -143*d + 36 = -134*d. Let l(a) = -a**3 + 4*a**2 + 3*a - 6. Calculate l(d).
6
Let v be (8/(-6))/((-3)/9). Let m(h) be the first derivative of -h**2 + 5*h + 16. Let p(a) = -a + 3. Let n(w) = -3*m(w) + 4*p(w). Calculate n(v).
5
Let a(w) = -18*w**3 + 2*w**2 - 1. Suppose -2*r + 0*r = -2*i + 4, -3*r + i - 4 = 0. What is a(r)?
19
Suppose -3*o + 6 = 0, 2*o = 5*c + 5*o - 106. Let u = c - 13. Let q(r) = -2 - 3 - r**2 + 0 + 1 + u*r. Calculate q(6).
2
Let c = 73 + -50. Suppose 22*g - c*g - 6 = 0. Let p(j) = -j**2 - 5*j - 3. What is p(g)?
-9
Let r(s) be the first derivative of -s**4/4 - 2*s**3 - 4. Let b be r(-6). Suppose b*f - 3*f = 18. Let m(i) = -i**2 - 4*i + 7. Determine m(f).
-5
Let u(m) = -m**2 + 10*m - 9. Let r be (-1)/(-1)*(6 - 0). What is u(r)?
15
Suppose -2*d = -4*d. Suppose 5*n + 2 - 12 = d. Let k(s) = -4*s**2 + 7*s**n - 3*s + s**3 + 4 - 5. Calculate k(-2).
9
Suppose 4*j = -5*a + 2, 2*a + 0*j - j = -7. Let u be a/(-7) - 52/(-14). Let n(o) = 2*o - o - 1 + o. What is n(u)?
7
Let h(k) = 2*k**2 + 3*k + 2. Let y(z) = -5*z**2 + 7*z + 7. Let d(x) = -4*x**2 + 6*x + 6. Let t(j) = 6*d(j) - 5*y(j). Let i(m) = 3*h(m) - 7*t(m). Give i(-2).
-9
Let f(m) be the third derivative of -m**5/60 + m**4/24 + 8*m**3/3 + 730*m**2. Determine f(-5).
-14
Suppose -12 = -5*y + 4*y. Let i(j) be the third derivative of j**4/24 - 3*j**3 - j**2. Let m be i(y). Let o(f) = -f**3 - 6*f**2 + f + 1. Give o(m).
-5
Let i(l) = -13*l**2 + l. Suppose 16*j + 0 - 16 = 0. What is i(j)?
-12
Let s(i) = i**3 - 3*i**2 + i - 4. Let o(w) = 2*w**2 - 2*w. Let j(a) = -a**2 + a. Let h(g) = 9*j(g) + 4*o(g). Let b be h(1). Suppose b*f = f - 3. What is s(f)?
-1
Let d(v) = 4*v + 5*v - 2*v**2 - 4*v**2 - 7 + 0*v**3 - v**3. Calculate d(-7).
-21
Let a be (182/(-35))/((-10)/25). Suppose 5*x = a*x + 24. Let h(o) = o + 3. Determine h(x).
0
Suppose 2*a + 4*d = -22 - 6, 4*d + 40 = -4*a. Let u(y) = -y - 7. Give u(a).
-1
Let j(b) = b**3 - 11*b**2 - 12*b + 9. Let r be j(12). Suppose r + 9 = -c. Let x = c